
What is the remainder when 1/((-6)/(-57222)*1) is divided by 106?
103
Suppose 4*v - 4*r + 118 = 6*v, 0 = -2*v + 4*r + 126. Suppose 5*o + v = 3*j - 165, -2*j = o - 129. Calculate the remainder when j is divided by 13.
2
Suppose -3308 = -15*r - 578. What is the remainder when 850 is divided by r?
122
Suppose 4*d - 5*c - 268 = 0, 9*c = 3*d + 7*c - 194. Calculate the remainder when 398 is divided by d.
26
Suppose -2*p - p = 0. Let a be (4 - 5)*(p + -7). Suppose -a*v = -5*v - 224. Calculate the remainder when v is divided by 23.
20
Let i = -3357 + 5926. What is the remainder when i is divided by 66?
61
Let h(k) = -k**3 + 15*k**2 + 27*k + 522. What is the remainder when 720 is divided by h(18)?
0
Suppose 45*k = 16*k - 10*k + 7254. Calculate the remainder when 432 is divided by k.
60
Calculate the remainder when 1404 is divided by 701 + -14 + (5 - -5).
10
Let v = 79 - 17. Let x be 38/4 - 11/(-22). Let k = x - -6. What is the remainder when v is divided by k?
14
Let a = 111 - 109. Suppose -3*h = -a*p - 3*p + 14, 0 = -h - 3*p. What is the remainder when 37*(h - -2)/(-1) is divided by 5?
2
Let k(f) = -f**3 - 10*f**2 + 55*f + 178. Calculate the remainder when 937 is divided by k(-14).
169
Suppose 14*s - 57415 = -5*y + 13*s, 2*y - 22949 = 3*s. Calculate the remainder when y is divided by 87.
85
Suppose -r - 5*n = -49, 3*r - 48*n + 44*n = 147. Suppose 2*u = -3*g + 284, 376 = -g + 5*g + 4*u. What is the remainder when g is divided by r?
47
Let c = 7551 - 6430. Calculate the remainder when c is divided by 49.
43
Suppose 0 = -4*g - 16, -135*j = -136*j + 2*g + 47. What is the remainder when 150 is divided by j?
33
Let w be (0 - 5)/(5/(-12 - -2)). Suppose -w*y - 138 = -33*y. Let g(c) = 12*c - 7. What is the remainder when g(5) is divided by y?
5
Suppose 495 = 3*p + 28*i - 25*i, -2515 = -15*p + 5*i. What is the remainder when p is divided by 89?
78
Let p = -9331 - -9674. What is the remainder when 1383 is divided by p?
11
Suppose 7*t - 5937 + 2227 = 0. Calculate the remainder when 124 is divided by t/40 + 2/(-8).
7
Let k(s) = 26*s**3 + 2*s**2 - s + 4. Let q(a) = 1. Let y(b) = k(b) - 3*q(b). Calculate the remainder when 80 is divided by y(1).
24
Let p(h) = -h**3 + 4*h**2 - 4*h + 2. Let r be p(3). Suppose -3*g - x + 9 = -g, -2*x = 2*g - 8. Calculate the remainder when r - (-4 - (5 - 0)) is divided by g.
3
Let t(b) = b**3 + 18*b**2 - 4*b - 10. Let a be t(-18). Suppose 0 = -3*d - 2*w + a, d - w + 14 = 43. What is the remainder when d is divided by 8?
0
Suppose g = 3*g - y - 836, 3*g + 4*y - 1232 = 0. Let q = 491 - g. What is the remainder when q is divided by 3?
0
Let t(p) = -11*p - 106. Let a be 1 + -4 - (10 - 2). Let x = 62 - 3. Calculate the remainder when x is divided by t(a).
14
Let n = 629 - 2095. Let o = n + 2416. Calculate the remainder when o is divided by 17.
15
Suppose 2*o - 13 = 5. Let y = o + -10. Calculate the remainder when 9 is divided by (5 - 1) + (0/y)/2.
1
Suppose 0 = 4*o + 4*x + 901 - 3505, 4*o - 4*x = 2596. Calculate the remainder when o is divided by 9.
2
Let h(c) = -10 + 15 - 31*c + 10. Calculate the remainder when 90 is divided by h(-1).
44
Suppose 2*d - j - 22 = 0, 3*d - j - 2*j - 27 = 0. Let a be 350/11 - (3 + 70/(-22)). Suppose -9*b + a = -49. What is the remainder when d is divided by b?
4
Suppose -14622 - 24943 = -249*p - 10183. What is the remainder when 6017 is divided by p?
117
Suppose 1 = -3*b + 37. Let h(m) = 12*m - 4. Let g = -35 - -40. Calculate the remainder when h(g) is divided by b.
8
Let y(b) = b**3 + 12*b**2 + 12*b + 4. Let w be y(-11). Let u = -31 - -52. What is the remainder when (w - 240/(-45))/(1/(-48)) is divided by u?
17
Let i be (6/(-1))/((-6)/(-246)). Let c(x) = x**2 + 21. Calculate the remainder when (i/(-9))/((-2)/(-3)) is divided by c(0).
20
Suppose 4*d + 47 = -r, -5*d + 2*r - 26 - 36 = 0. Let n = d - -84. What is the remainder when 277 is divided by n?
61
Let l(y) = -6*y**3 - y**2 - y - 1. Let i be l(-1). Suppose -11*a - 1037 = -3*c - 7*a, 1730 = i*c - 5*a. Calculate the remainder when c is divided by 14.
11
Suppose 741*a - 718*a = 1702. Calculate the remainder when 551 is divided by a.
33
Suppose 9*v - 48 = -3*v. What is the remainder when (0 - v/(8/190))/(-1) is divided by 24?
23
Suppose 860 = 12*o + 248. Calculate the remainder when o is divided by 37.
14
Suppose 5 = 3*r - 4. Let d be (-6)/18*(r - -3). What is the remainder when 52 is divided by ((-242)/(-66))/(d/(-6))?
8
Suppose 543*f - 540*f + 157 = 1777. Calculate the remainder when f is divided by 42.
36
Let t = 336 + -27. Let w = -205 + t. Calculate the remainder when w is divided by ((-21)/5)/((-22)/110).
20
Let j be (-5)/(-4)*(-24)/(-15). Calculate the remainder when 130 is divided by (9 - 10 - 4/j)*-5.
10
Calculate the remainder when 1360 is divided by 28944/468 + ((-200)/52 - -4).
58
Suppose 13*o = -w + 12*o + 3, -3*w - o = -25. Calculate the remainder when 15674 is divided by w.
10
Let c(l) = l**3 - 6*l**2 - 2*l + 92. Calculate the remainder when 329 is divided by c(0).
53
Let v = -141 + 227. Let x(u) = -346*u - 481. Let j be x(-4). Let r = j - 873. What is the remainder when v is divided by r?
26
Let p = -616 + 613. Let m be -1 + 49 - (5 + -5). Let n = m - p. Calculate the remainder when n is divided by 11.
7
Suppose -5*v + 3*f = -2118, -3*v + 6*v - 2*f - 1270 = 0. Suppose 6*y - 480 - v = 0. Calculate the remainder when y is divided by 59.
33
Let a = 109 - 50. Let c = -61 + a. What is the remainder when 25 is divided by (1/c*-9)/((-44)/(-88))?
7
Let i be 2084/10 - (-39)/65. Let h = -174 + i. What is the remainder when 171 is divided by h?
31
Suppose -2*k + 4 = -2*i, -k - 3*i - 2*i = -14. Let a(o) = o - 5. Let m be a(7). Suppose k = b + m. Calculate the remainder when b is divided by 1.
0
Suppose 4*x - 100 = 2*n - 0*n, -58 = -2*x + 3*n. What is the remainder when ((-14)/70 - 24/(-45))/(1/123) is divided by x?
18
Let x(r) = 9*r**2 - 5*r + 5. Let y = 42 - 39. Suppose 5*s + 3*j = 1 - 0, s + y*j + 7 = 0. Calculate the remainder when 112 is divided by x(s).
19
Let i = -230 + 225. Let h(c) = -c**3 - 5*c**2 - 2*c - 7. Calculate the remainder when 17 is divided by h(i).
2
Calculate the remainder when 20 is divided by ((-3136)/882)/((-4)/18) - -1.
3
Suppose f = 4*h - 369, 9*h + 299 = 3*f + 1124. Suppose 0 = 3*u - 71 - 130. Let b = h - u. Calculate the remainder when b is divided by 6.
3
Suppose 615217 - 89485 = 193*c. What is the remainder when c is divided by 58?
56
Suppose -2*z + 6*z = 276. Suppose -5*n = 2*s - 48, z = 5*s - 5*n - 121. Suppose 2*i + s = 4*i. Calculate the remainder when 48 is divided by i.
14
Let s(y) = 4*y + 37. Suppose n = 9 - 7. Suppose -l + 2*u + 11 = 0, l = -n*u + 3*u + 9. Calculate the remainder when s(l) is divided by 24.
17
Suppose 5134 - 10663 = 66*l - 44733. What is the remainder when l is divided by 35?
34
Let j = -39099 - -39266. Calculate the remainder when j is divided by 155/9 - 4/18.
14
Suppose 3*x - 3*p = 2058, 0 = -2*p + 711 - 697. What is the remainder when 2083 is divided by x?
4
Suppose -38 = -2*c + 5*t, 274*c - 270*c - t - 76 = 0. What is the remainder when 2583 is divided by c?
18
Suppose 9*c = 4*c + z - 473, 5*z = -10. Let b = 99 + c. Suppose -4*j - 112 = -b*p, -94 = -3*p - p - 5*j. What is the remainder when 47 is divided by p?
21
Let u(d) = d**3 + 34*d**2 + 30*d - 62. Let x be u(-33). Let q = x - -25. Calculate the remainder when q is divided by 5.
2
Suppose 0 = w - 2, -5*u + 8 = -w. Suppose -3*o = 3*b - 135, u*o - 48 = -5*b + 33. Calculate the remainder when o is divided by (-116)/(-6) + (-2)/6.
10
Suppose 40*i = 47*i - 28. Suppose 5*u = 4*r - 176 - 157, i*u = r - 86. What is the remainder when r is divided by 7?
5
Suppose -3*i + 102 = -3*d, 20*i + 2*d - 363 = 427. Calculate the remainder when 2415 is divided by i.
36
Calculate the remainder when 466 is divided by (3300/(-375))/((7/((-105)/6))/10).
26
Suppose 2*y - 3*p = 3329, -4*p + 11 - 5005 = -3*y. What is the remainder when y is divided by 7?
0
What is the remainder when (-5 + 17)*((-5835)/(-12))/5 is divided by 39?
36
Let u(q) = 2*q**2 - 11*q + 241. What is the remainder when u(9) is divided by 9?
7
Let y(o) = 2*o**3 + 20*o**2 + 41*o - 7. Let g be y(-7). Suppose 8*r - 6*r - 2*u - 28 = g, -5*u = 3*r - 26. What is the remainder when 20 is divided by r?
8
S